z)?
-10
Let p(c) = -13*c**2 + 10*c - 8. Let q(x) = -7*x**2 + 5*x - 4. Let m(i) = 6*p(i) - 11*q(i). Determine m(7).
-18
Suppose 0 = 5*d + n - 2, 0 = d + 3*n + 3 - 9. Let s = 1 + 1. Let c(h) = d*h + 4*h - h**2 - s*h. Give c(1).
1
Suppose -n = -0 - 2. Let i(l) = 8*l - 3. What is i(n)?
13
Let r(m) = -2*m**3 + 3*m**2 - 7*m + 1. Let v(q) = 3*q**3 - 2*q**2 + 7*q. Let s(o) = -4*r(o) - 3*v(o). What is s(-7)?
-4
Let b(a) = a**2 + 2*a + 8. Let w = -163 - -157. Determine b(w).
32
Let h(o) be the first derivative of -o**3/3 + 5*o**2/2 - 3*o - 6. What is h(5)?
-3
Let u(o) = -8*o**2 + 4*o. Let b be u(1). Let c(p) = -3*p**2 - 2*p - 3. Let n(i) = 7*i**2 + 4*i + 6. Let j(a) = 5*c(a) + 2*n(a). What is j(b)?
-11
Suppose 5*m + 5*n = n - 26, -4*m - 22 = 2*n. Let l(y) be the second derivative of -y**5/20 - 5*y**4/12 + 2*y**3/3 - 7*y**2/2 + 2*y. Give l(m).
5
Suppose -r - 3*r = 4. Let l = r + 1. Let j(t) = -3*t**2 + l*t**2 - 4*t + 2*t**2. Give j(-4).
0
Let m(j) be the third derivative of j**5/20 - j**4/6 + j**3/2 + 19*j**2. Determine m(3).
18
Let x be 1*(1/2)/(2/20). Let w(c) be the second derivative of -1/3*c**3 - 2/5*c**x + 0 + 1/2*c**2 + 2*c + 1/6*c**4. Calculate w(1).
-7
Let b(r) = 3*r - 4 - r - 3*r - 3*r + r**2. Give b(6).
8
Let p = -10 + 5. Let a(u) = 6*u**2 - 2*u + 5. Let i(f) = -f**2 - f. Let d(m) = p*i(m) - a(m). What is d(6)?
1
Let h(m) = m - m**2 - 6 + m**2 + m**2. Let v be h(-7). Suppose 4*l - 20 = 0, 5*l - v = -a - 6. Let p(n) = n**2 - 4*n + 3. Calculate p(a).
8
Let n(c) be the second derivative of c**4/12 + c**3/6 + c**2/2 - 2*c. Let k = 5 - 9. Let z(w) = w + 2. Let l be z(k). Calculate n(l).
3
Let y(p) = -2 - 2*p + 6*p**2 + 9*p**2 - 21*p**2 + 8*p**2. Calculate y(2).
2
Let a(m) = -m**2 + 4*m - 3. Let p be a(4). Let l(j) = -j**3 - j**2 + 4*j. Determine l(p).
6
Let x(b) = b**2 + 6*b + 4. Suppose 5*c - 39 + 4 = -r, -3*c - 4*r = -21. Let k = c - 5. Suppose k*h + 8 = -2*y - 6, -5*y - 11 = -3*h. Determine x(y).
-4
Let q(x) = x**3 + 5*x**2 + 3*x - 4. Let y be q(-3). Let o(j) = -j**3 + 5*j**2 + j - 3. Calculate o(y).
2
Let r(t) = -4*t**3 - 2*t**2 - 1. Let o(c) = 9*c**3 + 5*c**2 + 3. Let v(y) = 3*o(y) + 7*r(y). Let g be v(0). Let w(l) = 1 + g - 4 - 2*l. Determine w(-3).
5
Let v = -44 - -36. Let u(z) = -z**3 - 9*z**2 - 7*z + 7. Calculate u(v).
-1
Let a(z) = -1. Let m(d) = -d**2 + d + 7. Let r(y) = -a(y) - m(y). Let k = 3 - 6. Let b(f) = f**3 + 4*f**2 + 3*f. Let i be b(k). What is r(i)?
-6
Let q(l) = l - 10. Suppose 20 = -4*s - 0*s + 4*z, -s + 15 = 3*z. Determine q(s).
-10
Let x(n) = 0*n**3 + n**3 - 2*n**3 + n**2 + 0*n**2 - 2. Calculate x(-2).
10
Let u = 3 + 1. Suppose 5*z - u*f + 27 = 2, 0 = z - 3*f + 5. Let x(p) = -5 - 3*p + 2*p - 3 + 0*p. Give x(z).
-3
Let b(n) = 1. Let q(h) = 0*h - 8 + 5 + 2*h - 6. Let s(o) = -6*b(o) - q(o). What is s(4)?
-5
Suppose -3 = -3*v + 12. Let w(l) be the first derivative of -l**3/3 + 7*l**2/2 - 5*l - 86. What is w(v)?
5
Let y be 6 - 1 - (2 - 0). Let q be 0 - (-3)/(3/4). Let m(d) = 3*d + q - 2 - d**2 + 0*d. Determine m(y).
2
Let t(i) = -2*i + 4. Let w(a) = a - 3. Let o(r) = -2*t(r) - 3*w(r). Let j = 309 - 309. Calculate o(j).
1
Let c(i) = 22*i - 40*i + 22*i. Give c(3).
12
Let n(f) = -2*f**3 + f**2 + 3*f - 1. Suppose -4*q + 4*w - 12 = 0, 10 = 2*q - 7*q + 4*w. Determine n(q).
-7
Let g(w) = 2*w + 4. Let q(s) = -s + 6. Let i be q(0). Let x(d) = 12*d**2 - 9*d + 3*d + 5 + 3 - i*d - d**3. Let z be x(11). Determine g(z).
-2
Let f(w) = w**3 + 4*w**2 + 2. Let x be 0*(-4)/(-16) + 4. Suppose 0 = -x*u - 1 - 15. Calculate f(u).
2
Suppose z = -0*z + 3. Let n be 1/z*(2 + 4). Suppose 0*q + 17 = 5*q + n*b, 0 = 4*q + 2*b - 12. Let g(x) = x**3 - 6*x**2 + 6*x + 3. Calculate g(q).
8
Suppose n - 2*n = 4. Let w(m) = m**2 + 5*m - 3. Give w(n).
-7
Let l = 1 - 0. Suppose -5*d + 5*f + 0*f - 5 = 0, l = -5*d + f. Let c(g) = -4*g**2 - 1 + d*g**3 - 3*g + g**3 - 2*g**3. What is c(-3)?
-1
Let v be (-60)/(-4)*(10/3 + -3). Let m(n) = -2*n + 7. Determine m(v).
-3
Let s be (-9)/(-3)*2/3. Let c(q) = -s - 2 + 3 + 6*q**2 + 6*q - 1 + q**3. Determine c(-5).
-7
Let v be (-20)/(-12)*6/2. Let n(r) = r**3 - 6*r**2 + 6*r - 4. Give n(v).
1
Suppose -3*t - 4*y + 26 = 0, -3*t + 3*y + 20 = 4*y. Let d(z) = 1 + t*z**2 + 2*z**3 - 3*z**3 - 3*z - 3*z + 0. Give d(5).
-4
Let m(l) be the second derivative of -l**2/2 - 2*l. Let d(o) = o + 6. Let b(g) = -d(g) - 4*m(g). What is b(-4)?
2
Let n(b) = 12*b - 3. Let c(r) be the second derivative of 25*r**3/6 - 7*r**2/2 - 5*r. Let q(g) = -4*c(g) + 9*n(g). Give q(-1).
-7
Suppose 0 = -7*n + 4*n + 9. Let j(v) = 0*v - 2 + 0 - n*v + 7*v. Calculate j(2).
6
Suppose 0*v + 2*v = 0. Suppose 3*g = 3*s - 15, v = -2*s + s + 4*g + 14. Let b(j) = 3*j - 1. Calculate b(s).
5
Let l(x) be the second derivative of -x**3/6 - 7*x**2/2 + 2*x. Calculate l(-6).
-1
Let s(l) = 3*l**2 + 1. Suppose -2*j + 6*j = 8. Suppose -j = 4*i + 6. What is s(i)?
13
Let v(x) be the first derivative of x**3/3 + 4*x**2 - 4*x - 5. Calculate v(-7).
-11
Let f = -12 + 12. Let d(s) = -s**2 + 2. Calculate d(f).
2
Suppose 4*i - 24 = 2*o, -i + o + 20 = 3*i. Let a(q) = -q**2 + 2*q + 2. Give a(i).
-6
Let r(j) = -6*j**3 - 6*j**2 - 3*j - 1. Let v(z) = z**3 - z - 1. Let q(g) = r(g) + 5*v(g). What is q(-5)?
9
Let s(m) = -m**2 - 9*m - 12. Let n be s(-6). Let k(i) = -2*i - 8. Give k(n).
-20
Let r be (12/(-36))/(1/(-9)). Let q(d) = 5 + 3*d - d**2 - 4*d + 5*d - r*d. Calculate q(4).
-7
Let r(u) = u. Let d(w) = 4*w. Let o(b) = -d(b) + 8*r(b). Determine o(-3).
-12
Let f(d) = d**2 - 8*d + 8. Let h be 158/22 - 10/55. What is f(h)?
1
Let z(s) = 2*s - 23*s**2 + 11*s**2 + 10*s**2 + s**2. What is z(-2)?
-8
Let s(l) = l**3 + 3*l**2 - 3*l - 3. Let c = -19 - -11. Let y(j) = -j**2 - 7*j - 6. Let p be y(-7). Let u be (c/(-12))/(2/p). What is s(u)?
7
Suppose 6*v + 13 = 1. Let i(u) = -u**2 - u - 2. Determine i(v).
-4
Let b(c) be the third derivative of c**5/30 - c**4/8 - c**3/3 - 16*c**2. Give b(4).
18
Let u be ((-10)/6)/(3/(-9)). Let w(l) = -2*l + 1. Let f be w(-1). Let g(n) = -6*n + 4*n - 9 + f*n. Calculate g(u).
-4
Let q be (10 - 8) + -5 + 1. Let t(o) = 4*o**2 - o - 1. What is t(q)?
17
Let d be (-6)/12 - (-7)/2. Let w(n) = 2*n**2 - 3*n**2 + n - n**2 - 6 + d*n**2. Determine w(-5).
14
Let z(x) = -x**2 + 4. Let c be z(0). Let j(k) = 4 + 2*k + 7 - c. Suppose -i - 20 = 3*i. What is j(i)?
-3
Suppose -p + 3 = 2. Let r(u) = 1 - 59*u**2 - 53*u**2 - 2 + 108*u**2. Determine r(p).
-5
Suppose 5*b + 8 = -g + 3, -5 = 5*b + 4*g. Let t be (0 - b) + (-3 - -1). Let d(x) be the third derivative of x**5/60 + x**4/24 - x**3/6 - 11*x**2. What is d(t)?
-1
Let x(r) = -7*r**2 + 2 - 4 - 3 + 8*r + r**3 + 3. Determine x(6).
10
Let i(k) be the first derivative of -k**2 + 9*k - 11. Determine i(6).
-3
Let f(a) = -a**3 - a**2 + 1. Let p(q) = -2*q**3 - 8*q**2 + 3*q + 3. Let t(l) = 3*f(l) - p(l). Calculate t(3).
9
Let c(u) = 13*u**3 - 7*u**2 - 9*u + 2. Let t(f) = -6*f**3 + 3*f**2 + 4*f - 1. Let l(i) = 3*c(i) + 7*t(i). Suppose -4*p + 1 + 3 = 0. Give l(p).
-3
Let l be (-1 + -8 - -1)/(-2). Let x = 1 - l. Let t(g) = g**3 + 4*g**2 + g - 3. Calculate t(x).
3
Suppose 0 = a + 3*g - 19, 3*a - 5*g + g + 8 = 0. Suppose 3*d = -m + 16 - 0, 4*m - a*d = 32. Let j be 2/(-6) + m/(-6). Let p(q) = -3*q**2 + 2. Determine p(j).
-10
Let n(c) = c + 5. Suppose 3*r + 9 = -p, 4*p + 3*r = p - 21. Let o be n(p). Let v(t) = 0 - 5*t + 7*t + 1. Calculate v(o).
-1
Let k = -5 - -2. Let d be (-12)/k + -1 + -2. Let o(v) = v + 4*v - 5*v - v + d. Give o(0).
1
Let c(j) = -j**3 - 6*j**2 + 6*j - 3. Let f be c(-7). Suppose 0*h + f*r = 5*h - 42, -2*r = 2*h - 6. Let n be (-3)/h - 1/(-2). Let q(p) = p + 8. What is q(n)?
8
Suppose -25 = 5*n, 5*y + 6*n = n - 60. Let b(d) = -d**3 - 6*d**2 + 6*d - 10. Calculate b(y).
-3
Let w be 70/(-49) + (-6)/(-14). Let s(m) = 5*m - 1. Determine s(w).
-6
Let j(a) = -5*a**3 + 6*a**2 + 7*a + 6. Let l(d) = -d + 3. Let s be l(9). Let q(t) = 4*t**3 - 5*t**2 - 6*t - 5. Let b(k) = s*q(k) - 5*j(k). Determine b(-1).
-2
Let h(i) be the second derivative of 3*i**5/20 + i**4/12 + i**3/6 + i**2/2 - 18*i. Suppose 0 = s - 2*s - 1. Determine h(s).
-2
Let z be 3*(3/9 + -2). Let x(w) be the third derivative of 1/2*w**3 + 0 - 3*w**2 - 5/24*w**4 - 1/60*w**5 + 0*w. Calculate x(z).
3
Let s(k) be the first derivative of k**4/4 + 2*k**3 + 3*k**2/2 - 4*k + 2. Determine s(-3).
14
Let m be 14/(-2